*i - 14*i. What is h(-3)?
-4
Suppose 2170 = -9*o + 2080. Let g(j) = -j**2 - 12*j + 1. Determine g(o).
21
Let h(t) be the first derivative of 0*t + 4*t**3 + 0*t**5 + 1 + 1/180*t**6 + 0*t**2 + 0*t**4. Let s(c) be the third derivative of h(c). Calculate s(-2).
8
Let q(x) be the third derivative of -5*x**6/144 - x**5/120 - 9*x**4/8 + x**2. Let m(r) be the second derivative of q(r). What is m(-1)?
24
Let r(j) be the first derivative of 5*j**2/2 + j + 3. Let y be (-1 - 5)*5/(-15). Let z be 6/9*(-1 - y). Determine r(z).
-9
Let u(a) = a**3 + 8*a**2 - 9*a - 5. Let z be u(-9). Let y = z - -7. Suppose 3*f = -y*f - 20. Let b(o) = -o - 5. Calculate b(f).
-1
Let h(a) = -a**3 + 7*a**2 - 6*a + 9. Let g(c) be the third derivative of c**4/12 - c**3/6 + 12*c**2. Let t be g(15). Let i = t + -23. Give h(i).
9
Let n be 652/(-28) - 26/(-91). Let p(h) = -h**2 - 24*h - 21. Give p(n).
2
Let f(g) = 2*g + 6. Let x = 947 + -955. Determine f(x).
-10
Suppose 3*m - 3 - 15 = 0. Suppose -32 = -m*a - 8. Let k(s) = s**3 - 4*s**2 + s + 3. What is k(a)?
7
Let t = 5 + -7. Let s(z) = 2*z**2 + 2*z + 2. Let o be s(t). Let l(x) = -13*x**2 + 32*x + 4. Let i(a) = -3*a**2 + 8*a + 1. Let f(u) = 9*i(u) - 2*l(u). Give f(o).
13
Let l(m) = 6*m**2 + 6*m + 4. Let u(x) = -5*x**2 - 6*x - 5. Let s(o) = 2*l(o) + 3*u(o). What is s(-3)?
-16
Let x be (0 + (-24)/(-3))*(-315)/(-126). Let n(i) = i - 13. Determine n(x).
7
Let m(i) = 5 - 375*i + 380*i - 5. Calculate m(2).
10
Let v = 1136 + -1134. Let g(b) be the second derivative of 5/3*b**3 + 0 - 7*b + 1/12*b**4 + b**v. What is g(-9)?
-7
Let b(q) = -4443*q + 2208*q - 2 + 4 + 2218*q. Calculate b(1).
-15
Let v(a) = -a**3 + 8*a**2 - 13*a - 9. Let d be v(5). Let l(r) = -9*r**3 + r**2 - r + 1. Determine l(d).
-8
Let x(h) = -11*h**3 - 47*h**2 + 3*h + 33. Let j(r) = 4*r**3 + 16*r**2 - r - 12. Let i(v) = -8*j(v) - 3*x(v). What is i(-13)?
10
Let p(k) be the third derivative of 0 + 5/3*k**3 + 0*k + 2*k**2 + 1/24*k**4. Let r be ((-18)/12*(-10)/3)/(-1). Calculate p(r).
5
Let w(p) be the third derivative of p**6/24 - p**5/30 - p**4/24 + p**3/6 + 106*p**2. What is w(-1)?
-5
Let j(c) be the first derivative of 8 + 0*c - 10/3*c**3 - 5/24*c**4 + 0*c**2 + 1/120*c**5. Let q(f) be the third derivative of j(f). Determine q(5).
0
Let v(d) be the first derivative of -d**5/60 - d**4/24 - d**3/3 + 12. Let c(g) be the third derivative of v(g). Let s be 45/(-10)*(-6)/(-9). What is c(s)?
5
Suppose -v + 4 = -0. Suppose 16 = -v*h + 52. Let g(y) = -y**2 + 10*y - 3. Let x be g(h). Let o(u) = u - 3. Calculate o(x).
3
Suppose -6*l = -375 + 393. Let d(v) be the first derivative of -v**4/4 - 2*v**3/3 + 3*v**2/2 - v - 3. What is d(l)?
-1
Let w(t) = -16 - 3 + 44 + t - t**3 - t**2. What is w(0)?
25
Let z be 7 + (-180)/27 + 24/9. Suppose 0 = -8*u + 3*u + 10. Let s(j) = j**2 - 1 - u*j**2 - j + 3. Give s(z).
-10
Let g(b) be the first derivative of -8 + 3*b - 1/20*b**5 - 1/12*b**4 + 0*b**3 + 0*b**2. Let d(n) be the first derivative of g(n). Give d(-2).
4
Let c(l) = -l**2 - 7*l + 3. Suppose 3*i = -x + 38, 7*i - 11 = 6*i - 2*x. Suppose -i + 10 = -3*k. Suppose -4*j = 21 - k. Give c(j).
13
Let a(o) be the first derivative of -7/6*o**3 + 0*o - 5/2*o**2 - 7 - 1/24*o**4. Let w(g) be the second derivative of a(g). Calculate w(0).
-7
Let q(v) = v + 3. Let k be q(0). Let z(y) = -2*y**2 - y - 2*y**2 + 3 + 2*y + k*y**2. Determine z(0).
3
Let t(w) be the first derivative of w**3/3 + 3*w**2/2 - w - 1. Let h = -11 - -16. Suppose -3*d - 18 = 5*k, 2*k - 2 = 3*d - h. What is t(k)?
-1
Let g(r) = r**2 - 2*r - 6. Let y(f) = f**2 - f + 5. Suppose -2*w - 18 + 0 = 0. Let h = -9 - w. Let o be y(h). Determine g(o).
9
Suppose -4*c = -0*c - 2200. Let u(g) = 273 + 277 + 5*g + g**2 - c. Give u(-4).
-4
Let x(z) = z**3 - 4*z**2 + 2*z + 3. Let l(g) = -3*g**3 + 10*g**2 - 6*g - 7. Let m(v) = -l(v) - 2*x(v). Let w be -2*1 + 12/3. What is m(w)?
5
Let a(r) be the second derivative of -r**3/2 - 3*r**2 - 5*r + 51. Determine a(-4).
6
Let q(j) = -3*j + 3. Let l(g) be the third derivative of -g**4/24 + g**3/6 - 23*g**2. Suppose 0 = 4*r + 42 + 26. Let y(x) = r*l(x) + 6*q(x). Give y(2).
-1
Let l(q) = 19*q - 55*q + 27*q + 11*q - 23. Calculate l(7).
-9
Suppose -f = -0*f - b - 5, -b = 5. Let s(p) = -p**2 + 2*p + 7. Let j be s(f). Let o(d) = d**3 - 8*d**2 + 7*d + 2. Give o(j).
2
Let k = -7 - 5. Let g be (-4 + (-64)/k)*(-12)/8. Let n(w) be the third derivative of w**5/15 + w**4/8 + w**3/6 + w**2. Give n(g).
11
Let r(i) be the third derivative of i**4/24 + i**3/6 - 2303*i**2. Let o(x) = x**3 - 4*x**2 - 5*x. Let z be o(5). What is r(z)?
1
Suppose -4*f + 106 - 74 = 4*w, w - 8 = -3*f. Let g(s) = s**3 - 7*s**2 - 10*s - 6. What is g(w)?
-22
Suppose -60*r + 60 = -40*r. Let p(c) = c**2 - 2*c - 1. Let i(n) = -2*n**2 + 4*n + 3. Let b(s) = 3*i(s) + 5*p(s). Give b(r).
1
Let r(s) = -s**3 - 5*s**2 - 1. Suppose 5*c - 2*j + 15 = 3*j, -5*j - 25 = 3*c. Give r(c).
-1
Let s(x) = x**2 - 4*x. Let p be (-2)/3 + 70/6. Let y be 19 - (2 + (3 - 1)). Let q = y - p. Calculate s(q).
0
Let y(z) = -z - 7. Suppose 3*h = 7*h + 84. Let t(d) = -d**2 - 22*d - 28. Let o be t(h). Calculate y(o).
0
Let b(t) = 53*t**2 - 111*t**2 - 4*t**3 - 5*t + 7 + 53*t**2 + 5*t**3. Determine b(6).
13
Let y(n) = -n**2 + 22*n + 2. Let i be y(21). Let b(l) = l - 33. Determine b(i).
-10
Suppose -78 = -11*a + 14*a. Let v = -27 - a. Let g(k) = -6*k**3 - k**2 - 2*k - 1. Determine g(v).
6
Let m(p) = p + 7. Let x(z) = -z + 13. Let d be x(8). Suppose 0 = 3*c - 15, c - 25 = d*f + 2*c. What is m(f)?
1
Let h(t) be the third derivative of -t**6/120 + t**5/12 - t**4/12 + t**3/6 - 9*t**2. Suppose 3*g + 5*p - 29 = 0, 3*p - 27 = -3*g - 2*g. Give h(g).
13
Let u(i) = i**2 - 8*i. Let p be u(8). Let l(f) be the second derivative of 1/20*f**5 - 1/2*f**2 + 1/6*f**3 + 1/12*f**4 + 28*f + 0. Determine l(p).
-1
Let p be 3/(-6) + (-18)/(-4). Suppose 9 = p*u - u. Suppose 2*t + u = 3*t + h, 5*h + 35 = 5*t. Let v(r) = r**3 - 6*r**2 + 5*r + 3. What is v(t)?
3
Let h(r) be the second derivative of r**4/12 - r**3/3 - r**2/2 + 4*r. Let o = 180 - 176. Calculate h(o).
7
Let k(j) = 3*j**3 - 11*j**2 - 12*j - 14. Let s(u) = 2*u**3 - 11*u**2 - 14*u - 13. Let d(o) = -3*k(o) + 4*s(o). Determine d(-9).
8
Let y(w) = 2*w**3 + 3. Suppose -5*a + 8 = 3*a. Let v(q) = 6*q**3 - a - 3*q**3 - 2*q**3. Let d(k) = 2*v(k) + y(k). Give d(-1).
-3
Let i(a) = -9*a**2 - 2*a + 2. Let b be i(1). Let w(o) = o**2 + 9*o + 7. Give w(b).
7
Let w(x) = 5*x + 3. Let m be 5/4 - (-6)/(-96)*4. Calculate w(m).
8
Let f be 1/5 - -5*(-14)/(-150). Let k(a) be the second derivative of 7/2*a**2 + 5/12*a**4 + 0 + 2*a - f*a**3 + 1/20*a**5. Give k(-6).
-5
Let l(a) be the third derivative of a**6/120 - a**5/10 - 7*a**4/24 + 7*a**3/6 - 5*a**2. Suppose -27 + 6 = -3*x. Calculate l(x).
7
Suppose 0 = 49*i - 67*i + 270. Let g(m) = 2*m - 28. What is g(i)?
2
Let j = -9 + 10. Let f be (-25)/10*2/j. Let q be f*1*(-8)/(-20). Let x(o) = 4*o - 1. Determine x(q).
-9
Let w(x) = -x - 10. Let u(i) = 2*i - 7. Let n be u(1). What is w(n)?
-5
Suppose 0 = 4*o + 92 - 40. Let l(a) = 4*a + 45. Calculate l(o).
-7
Let p(v) be the third derivative of -v**4/24 - 2*v**3/3 - 98*v**2. Calculate p(3).
-7
Suppose 415 = -18*f + 469. Let d(n) = n**2 - n. What is d(f)?
6
Suppose 6*q = 2*q - f - 15, 3*q = -3*f. Let i(x) = -2*x + 8 + x - 3 - 4. Calculate i(q).
6
Let f(j) be the first derivative of -1/3*j**3 - 7/2*j**2 + 7*j + 17. Determine f(-8).
-1
Let z = -19 - -27. Suppose -2*c + z*d - 15 = 3*d, 5*c - 3*d + 9 = 0. Suppose c = 5*q - 28 + 3. Let l(t) = -t**3 + 5*t**2. Calculate l(q).
0
Let g(b) = 20*b - 3. Let j be g(5). Let r = j - 104. Let q(w) = w + 6. Give q(r).
-1
Let b be 4/(-12) + 38/6. Let v(d) = d**3 - 4*d**2 - 8*d + 4. Let y be v(b). Let s = y + -30. Let u(l) = l**3 + l**2 - 2*l - 3. Calculate u(s).
-3
Let o(v) = -v**2 + 5*v + 1. Suppose 5*g - 2 = 4*k, 3*g - 8 = -k - 0*g. Suppose 5*y - k - 18 = 0. What is o(y)?
5
Let c(o) be the first derivative of o**4/4 - 4*o**3 + 6*o - 39. Give c(12).
6
Let l(h) be the first derivative of -h**4/4 + 26*h**3/3 - 25*h**2/2 + 7*h - 31. Let y be l(25). Let o(r) = -r**3 + 6*r**2 + 7*r + 8. What is o(y)?
8
Let f(q) be the second derivative of q**4/4 - q**3/3 + q**2/2 + 64*q. Determine f(1).
2
Let t(z) = -3*z**2 - 8*z - 16. Let g be t(-5). Let f = 49 + g. Let p(m) = 3*m**2 + 2*m - 2